{"id":7295,"date":"2023-07-06T17:48:44","date_gmt":"2023-07-06T17:48:44","guid":{"rendered":"https:\/\/memoriadelesilles.org\/wordpress\/?page_id=7295"},"modified":"2023-07-06T17:55:54","modified_gmt":"2023-07-06T17:55:54","slug":"manifest-unitari-per-a-la-democracia-la-llibertat-i-la-convivencia","status":"publish","type":"page","link":"https:\/\/memoriadelesilles.org\/wordpress\/manifest-unitari-per-a-la-democracia-la-llibertat-i-la-convivencia\/","title":{"rendered":"MANIFEST UNITARI PER A LA DEMOCR\u00c0CIA, LA LLIBERTAT I LA CONVIV\u00c8NCIA."},"content":{"rendered":"<div class=\"wp-block-image\">\n<figure class=\"aligncenter\"><img decoding=\"async\" src=\"https:\/\/ocb.cat\/wp-content\/uploads\/2023\/07\/Mesa-de-trabajo-73-1024x630.jpg\" alt=\"\" class=\"wp-image-12074\"\/><\/figure>\n<\/div>\n\n<p>Les entitats aqu\u00ed presents, les m\u00e9s representatives de la societat mallorquina, i jo en nom seu, expressam la nostra m\u00e0xima preocupaci\u00f3 per l\u2019acord de govern entre el Partit Popular i el partit d\u2019extrema dreta, VOX.<\/p>\n<p>Un cop tancat aquest pacte i repartides les quotes de poder entre les dues formacions pol\u00edtiques, lamentam, profundament, la manca de voluntat del PP d\u2019aplicar un cord\u00f3 sanitari que, per higiene democr\u00e0tica, a\u00eflli la ultradreta i la inhabiliti per condicionar les seves pol\u00edtiques.<\/p>\n<p>El Partit Popular s\u2019ha decantat per una opci\u00f3 perversa a l\u2019hora de garantir-se el govern i ha pactat \u201cpoder\u201d a canvi de malbaratar drets i valors fonamentals dels ciutadans. Drets i valors que han costat d\u00e8cades d\u2019esfor\u00e7 i lluita assolir-los i que han esdevingut els pilars b\u00e0sics de la nostra conviv\u00e8ncia.<\/p>\n<p>L\u2019aplicaci\u00f3 dels acords program\u00e0tics signats entre el PP i VOX amenacen de dinamitar els consensos estatutaris i fer-nos retrocedir quaranta anys. Una regressi\u00f3 imposada per l\u2019extrema dreta i executada pel Partit Popular.<\/p>\n<p>Resulta deplorable deixar la clau per governar les principals institucions auton\u00f2miques, insulars i municipals en mans de qui no creu en l\u2019autogovern i que manifesta, imp\u00fadicament, que vol retornar al centralisme dels anys m\u00e9s foscos de la nostra hist\u00f2ria recent.<\/p>\n<p>Volem manifestar que la societat civil estar\u00e0 preparada i vigilant per plantar cara a les pol\u00edtiques instigadores d\u2019odi, a les pol\u00edtiques excloents, a les pol\u00edtiques contr\u00e0ries als drets i llibertats de les persones\u2026No voldr\u00edem, en cap cas, tornar als nivells de crispaci\u00f3 del mandat del govern Bauz\u00e1; ni aquesta terra s\u2019ho mereix, ni cap govern responsable ho hauria de permetre.<\/p>\n<p>Les entitats m\u00e9s representatives de la societat civil mallorquina sabrem estar a l\u2019altura de les circumst\u00e0ncies per respondre, des de la conc\u00f2rdia per\u00f2 amb contund\u00e8ncia, qualsevol agressi\u00f3 que ens faci retrocedir en avan\u00e7os i llibertats; avan\u00e7os i llibertats, assolits en 40 anys d\u2019hist\u00f2ria democr\u00e0tica.<\/p>\n<p>Apel\u00b7lam al seny de la futura presidenta del govern per a que garanteixi la conviv\u00e8ncia de tots els que vivim en aquesta terra.<\/p>\n<p>PER LA DEMOCR\u00c0CIA, PER LA LLIBERTAT I PER LA CONVIV\u00c8NCIA. PER MALLORCA I PER LES ILLES BALEARS!<\/p>\n<p>Les entitats signants s\u00f3n:<\/p>\n<ul>\n<li>Obra Cultural Balear<\/li>\n<li>GOB<\/li>\n<li>STEI-intersindical<\/li>\n<li>CCOO<\/li>\n<li>UGT<\/li>\n<li>Alternativa Sindicat Docent<\/li>\n<li>Uni\u00f3 Obrera Balear (UOB)<\/li>\n<li>Federaci\u00f3 d\u2019Associacions de Fam\u00edlies d\u2019Alumnes (FAPA)<\/li>\n<li>Federaci\u00f3 d\u2019Associacions de Ve\u00efns de Palma (FAV)<\/li>\n<li>Mem\u00f2ria de Mallorca<\/li>\n<li>Associaci\u00f3 d\u2019Escriptors en Llengua Catalana<\/li>\n<li>Uni\u00f3 de Pagesos de Mallorca<\/li>\n<li>Joves de Mallorca per la Llengua<\/li>\n<li>Plataforma per la Llengua<\/li>\n<li>Moviment Feminista de Mallorca<\/li>\n<li>Fundaci\u00f3 Gabriel Alomar<\/li>\n<li>Fundacions Darder-Mascar\u00f3<\/li>\n<li>Fundaci\u00f3 Gadeso<\/li>\n<li>Fundaci\u00f3 Iniciatives del Mediterrani<\/li>\n<li>Jubilats per Mallorca<\/li>\n<li>Grup Blanquerna<\/li>\n<li>Assemblea Sobiranista de Mallorca<\/li>\n<li>Palma XXI<\/li>\n<li>Pla de Mallorca XXI<\/li>\n<li>Amics de la Terra Mallorca<\/li>\n<li>Mercat Social<\/li>\n<li>Ateneu dels Comuns<\/li>\n<li>Col\u00b7lectiu de Dones dels Pa\u00efsos Catalans<\/li>\n<\/ul>","protected":false},"excerpt":{"rendered":"<p>Les entitats aqu\u00ed presents, les m\u00e9s representatives de la societat mallorquina, i jo en nom seu, expressam la nostra m\u00e0xima &hellip; <a class=\"more-link\" href=\"https:\/\/memoriadelesilles.org\/wordpress\/manifest-unitari-per-a-la-democracia-la-llibertat-i-la-convivencia\/\">M\u00e9s<\/a><\/p>\n","protected":false},"author":2,"featured_media":0,"parent":0,"menu_order":0,"comment_status":"closed","ping_status":"closed","template":"","meta":{"footnotes":""},"class_list":["post-7295","page","type-page","status-publish","hentry",""],"_links":{"self":[{"href":"https:\/\/memoriadelesilles.org\/wordpress\/wp-json\/wp\/v2\/pages\/7295","targetHints":{"allow":["GET"]}}],"collection":[{"href":"https:\/\/memoriadelesilles.org\/wordpress\/wp-json\/wp\/v2\/pages"}],"about":[{"href":"https:\/\/memoriadelesilles.org\/wordpress\/wp-json\/wp\/v2\/types\/page"}],"author":[{"embeddable":true,"href":"https:\/\/memoriadelesilles.org\/wordpress\/wp-json\/wp\/v2\/users\/2"}],"replies":[{"embeddable":true,"href":"https:\/\/memoriadelesilles.org\/wordpress\/wp-json\/wp\/v2\/comments?post=7295"}],"version-history":[{"count":2,"href":"https:\/\/memoriadelesilles.org\/wordpress\/wp-json\/wp\/v2\/pages\/7295\/revisions"}],"predecessor-version":[{"id":7301,"href":"https:\/\/memoriadelesilles.org\/wordpress\/wp-json\/wp\/v2\/pages\/7295\/revisions\/7301"}],"wp:attachment":[{"href":"https:\/\/memoriadelesilles.org\/wordpress\/wp-json\/wp\/v2\/media?parent=7295"}],"curies":[{"name":"wp","href":"https:\/\/api.w.org\/{rel}","templated":true}]}}

MANIFEST UNITARI PER A LA DEMOCRÀCIA, LA LLIBERTAT I LA CONVIVÈNCIA.

<div class="wp-block-image">
<figure class="aligncenter"><img decoding="async" src="https://ocb.cat/wp-content/uploads/2023/07/Mesa-de-trabajo-73-1024x630.jpg" alt="" class="wp-image-12074"/></figure>
</div>

<p>Les entitats aquí presents, les més representatives de la societat mallorquina, i jo en nom seu, expressam la nostra màxima preocupació per l’acord de govern entre el Partit Popular i el partit d’extrema dreta, VOX.</p>
<p>Un cop tancat aquest pacte i repartides les quotes de poder entre les dues formacions polítiques, lamentam, profundament, la manca de voluntat del PP d’aplicar un cordó sanitari que, per higiene democràtica, aïlli la ultradreta i la inhabiliti per condicionar les seves polítiques.</p>
<p>El Partit Popular s’ha decantat per una opció perversa a l’hora de garantir-se el govern i ha pactat “poder” a canvi de malbaratar drets i valors fonamentals dels ciutadans. Drets i valors que han costat dècades d’esforç i lluita assolir-los i que han esdevingut els pilars bàsics de la nostra convivència.</p>
<p>L’aplicació dels acords programàtics signats entre el PP i VOX amenacen de dinamitar els consensos estatutaris i fer-nos retrocedir quaranta anys. Una regressió imposada per l’extrema dreta i executada pel Partit Popular.</p>
<p>Resulta deplorable deixar la clau per governar les principals institucions autonòmiques, insulars i municipals en mans de qui no creu en l’autogovern i que manifesta, impúdicament, que vol retornar al centralisme dels anys més foscos de la nostra història recent.</p>
<p>Volem manifestar que la societat civil estarà preparada i vigilant per plantar cara a les polítiques instigadores d’odi, a les polítiques excloents, a les polítiques contràries als drets i llibertats de les persones…No voldríem, en cap cas, tornar als nivells de crispació del mandat del govern Bauzá; ni aquesta terra s’ho mereix, ni cap govern responsable ho hauria de permetre.</p>
<p>Les entitats més representatives de la societat civil mallorquina sabrem estar a l’altura de les circumstàncies per respondre, des de la concòrdia però amb contundència, qualsevol agressió que ens faci retrocedir en avanços i llibertats; avanços i llibertats, assolits en 40 anys d’història democràtica.</p>
<p>Apel·lam al seny de la futura presidenta del govern per a que garanteixi la convivència de tots els que vivim en aquesta terra.</p>
<p>PER LA DEMOCRÀCIA, PER LA LLIBERTAT I PER LA CONVIVÈNCIA. PER MALLORCA I PER LES ILLES BALEARS!</p>
<p>Les entitats signants són:</p>
<ul>
<li>Obra Cultural Balear</li>
<li>GOB</li>
<li>STEI-intersindical</li>
<li>CCOO</li>
<li>UGT</li>
<li>Alternativa Sindicat Docent</li>
<li>Unió Obrera Balear (UOB)</li>
<li>Federació d’Associacions de Famílies d’Alumnes (FAPA)</li>
<li>Federació d’Associacions de Veïns de Palma (FAV)</li>
<li>Memòria de Mallorca</li>
<li>Associació d’Escriptors en Llengua Catalana</li>
<li>Unió de Pagesos de Mallorca</li>
<li>Joves de Mallorca per la Llengua</li>
<li>Plataforma per la Llengua</li>
<li>Moviment Feminista de Mallorca</li>
<li>Fundació Gabriel Alomar</li>
<li>Fundacions Darder-Mascaró</li>
<li>Fundació Gadeso</li>
<li>Fundació Iniciatives del Mediterrani</li>
<li>Jubilats per Mallorca</li>
<li>Grup Blanquerna</li>
<li>Assemblea Sobiranista de Mallorca</li>
<li>Palma XXI</li>
<li>Pla de Mallorca XXI</li>
<li>Amics de la Terra Mallorca</li>
<li>Mercat Social</li>
<li>Ateneu dels Comuns</li>
<li>Col·lectiu de Dones dels Països Catalans</li>
</ul>

<p>Les entitats aquí presents, les més representatives de la societat mallorquina, i jo en nom seu, expressam la nostra màxima &hellip; <a class="more-link" href="https://memoriadelesilles.org/wordpress/manifest-unitari-per-a-la-democracia-la-llibertat-i-la-convivencia/">Més</a></p>
