{"id":7183,"date":"2023-04-09T16:45:21","date_gmt":"2023-04-09T16:45:21","guid":{"rendered":"https:\/\/memoriadelesilles.org\/wordpress\/?page_id=7183"},"modified":"2023-04-09T16:45:21","modified_gmt":"2023-04-09T16:45:21","slug":"sant-llorenc-des-cardassar","status":"publish","type":"page","link":"https:\/\/memoriadelesilles.org\/wordpress\/sant-llorenc-des-cardassar\/","title":{"rendered":"Sant Lloren\u00e7 des Cardassar"},"content":{"rendered":"\n<p class=\"has-text-align-center has-black-color has-vivid-purple-background-color has-text-color has-background has-large-font-size\"><strong>Actes en commemoraci\u00f3 del 92\u00e8 Aniversari de la proclamaci\u00f3 de la II Rep\u00fablica<\/strong><\/p>\n\n\n<div class=\"wp-block-image\">\n<figure class=\"aligncenter size-full\"><img loading=\"lazy\" decoding=\"async\" width=\"565\" height=\"800\" src=\"https:\/\/memoriadelesilles.org\/wordpress\/wp-content\/uploads\/2023\/04\/Imatge-de-WhatsApp-2023-04-08-a-les-11.48.47.jpg\" alt=\"\" class=\"wp-image-7184\" srcset=\"https:\/\/memoriadelesilles.org\/wordpress\/wp-content\/uploads\/2023\/04\/Imatge-de-WhatsApp-2023-04-08-a-les-11.48.47.jpg 565w, https:\/\/memoriadelesilles.org\/wordpress\/wp-content\/uploads\/2023\/04\/Imatge-de-WhatsApp-2023-04-08-a-les-11.48.47-212x300.jpg 212w, https:\/\/memoriadelesilles.org\/wordpress\/wp-content\/uploads\/2023\/04\/Imatge-de-WhatsApp-2023-04-08-a-les-11.48.47-560x793.jpg 560w\" sizes=\"auto, (max-width: 565px) 100vw, 565px\" \/><\/figure>\n<\/div>","protected":false},"excerpt":{"rendered":"<p>Actes en commemoraci\u00f3 del 92\u00e8 Aniversari de la proclamaci\u00f3 de la II Rep\u00fablica<\/p>\n","protected":false},"author":2,"featured_media":7184,"parent":0,"menu_order":0,"comment_status":"closed","ping_status":"closed","template":"","meta":{"footnotes":""},"class_list":["post-7183","page","type-page","status-publish","has-post-thumbnail","hentry",""],"_links":{"self":[{"href":"https:\/\/memoriadelesilles.org\/wordpress\/wp-json\/wp\/v2\/pages\/7183","targetHints":{"allow":["GET"]}}],"collection":[{"href":"https:\/\/memoriadelesilles.org\/wordpress\/wp-json\/wp\/v2\/pages"}],"about":[{"href":"https:\/\/memoriadelesilles.org\/wordpress\/wp-json\/wp\/v2\/types\/page"}],"author":[{"embeddable":true,"href":"https:\/\/memoriadelesilles.org\/wordpress\/wp-json\/wp\/v2\/users\/2"}],"replies":[{"embeddable":true,"href":"https:\/\/memoriadelesilles.org\/wordpress\/wp-json\/wp\/v2\/comments?post=7183"}],"version-history":[{"count":0,"href":"https:\/\/memoriadelesilles.org\/wordpress\/wp-json\/wp\/v2\/pages\/7183\/revisions"}],"wp:featuredmedia":[{"embeddable":true,"href":"https:\/\/memoriadelesilles.org\/wordpress\/wp-json\/wp\/v2\/media\/7184"}],"wp:attachment":[{"href":"https:\/\/memoriadelesilles.org\/wordpress\/wp-json\/wp\/v2\/media?parent=7183"}],"curies":[{"name":"wp","href":"https:\/\/api.w.org\/{rel}","templated":true}]}}

Sant Llorenç des Cardassar

<p class="has-text-align-center has-black-color has-vivid-purple-background-color has-text-color has-background has-large-font-size"><strong>Actes en commemoració del 92è Aniversari de la proclamació de la II República</strong></p>


<div class="wp-block-image">
<figure class="aligncenter size-full"><img loading="lazy" decoding="async" width="565" height="800" src="https://memoriadelesilles.org/wordpress/wp-content/uploads/2023/04/Imatge-de-WhatsApp-2023-04-08-a-les-11.48.47.jpg" alt="" class="wp-image-7184" srcset="https://memoriadelesilles.org/wordpress/wp-content/uploads/2023/04/Imatge-de-WhatsApp-2023-04-08-a-les-11.48.47.jpg 565w, https://memoriadelesilles.org/wordpress/wp-content/uploads/2023/04/Imatge-de-WhatsApp-2023-04-08-a-les-11.48.47-212x300.jpg 212w, https://memoriadelesilles.org/wordpress/wp-content/uploads/2023/04/Imatge-de-WhatsApp-2023-04-08-a-les-11.48.47-560x793.jpg 560w" sizes="auto, (max-width: 565px) 100vw, 565px" /></figure>
</div>

<p>Actes en commemoració del 92è Aniversari de la proclamació de la II República</p>
