{"id":7168,"date":"2023-04-09T16:20:05","date_gmt":"2023-04-09T16:20:05","guid":{"rendered":"https:\/\/memoriadelesilles.org\/wordpress\/?page_id=7168"},"modified":"2023-04-09T16:20:05","modified_gmt":"2023-04-09T16:20:05","slug":"esporles","status":"publish","type":"page","link":"https:\/\/memoriadelesilles.org\/wordpress\/esporles\/","title":{"rendered":"Esporles"},"content":{"rendered":"\n<p class=\"has-text-align-center has-black-color has-vivid-purple-background-color has-text-color has-background has-large-font-size\"><strong>Actes en commemoraci\u00f3 del 92\u00e8 Aniversari de la proclamaci\u00f3 de la II Rep\u00fablica<\/strong><\/p>\n\n\n<div class=\"wp-block-image\">\n<figure class=\"aligncenter size-full\"><img loading=\"lazy\" decoding=\"async\" width=\"720\" height=\"1018\" src=\"http:\/\/memoriadelesilles.org\/wordpress\/wp-content\/uploads\/2023\/04\/Imatge-de-WhatsApp-2023-04-06-a-les-15.05.37.jpg\" alt=\"\" class=\"wp-image-7163\" srcset=\"https:\/\/memoriadelesilles.org\/wordpress\/wp-content\/uploads\/2023\/04\/Imatge-de-WhatsApp-2023-04-06-a-les-15.05.37.jpg 720w, https:\/\/memoriadelesilles.org\/wordpress\/wp-content\/uploads\/2023\/04\/Imatge-de-WhatsApp-2023-04-06-a-les-15.05.37-212x300.jpg 212w, https:\/\/memoriadelesilles.org\/wordpress\/wp-content\/uploads\/2023\/04\/Imatge-de-WhatsApp-2023-04-06-a-les-15.05.37-560x792.jpg 560w\" sizes=\"auto, (max-width: 720px) 100vw, 720px\" \/><\/figure>\n<\/div>\n\n<div class=\"wp-block-image\">\n<figure class=\"aligncenter size-large\"><img loading=\"lazy\" decoding=\"async\" width=\"580\" height=\"1024\" src=\"http:\/\/memoriadelesilles.org\/wordpress\/wp-content\/uploads\/2023\/04\/Imatge-de-WhatsApp-2023-04-06-a-les-15.16.04-580x1024.jpg\" alt=\"\" class=\"wp-image-7159\" srcset=\"https:\/\/memoriadelesilles.org\/wordpress\/wp-content\/uploads\/2023\/04\/Imatge-de-WhatsApp-2023-04-06-a-les-15.16.04-580x1024.jpg 580w, https:\/\/memoriadelesilles.org\/wordpress\/wp-content\/uploads\/2023\/04\/Imatge-de-WhatsApp-2023-04-06-a-les-15.16.04-170x300.jpg 170w, https:\/\/memoriadelesilles.org\/wordpress\/wp-content\/uploads\/2023\/04\/Imatge-de-WhatsApp-2023-04-06-a-les-15.16.04-680x1200.jpg 680w, https:\/\/memoriadelesilles.org\/wordpress\/wp-content\/uploads\/2023\/04\/Imatge-de-WhatsApp-2023-04-06-a-les-15.16.04-560x989.jpg 560w, https:\/\/memoriadelesilles.org\/wordpress\/wp-content\/uploads\/2023\/04\/Imatge-de-WhatsApp-2023-04-06-a-les-15.16.04.jpg 720w\" sizes=\"auto, (max-width: 580px) 100vw, 580px\" \/><\/figure>\n<\/div>","protected":false},"excerpt":{"rendered":"<p>Actes en commemoraci\u00f3 del 92\u00e8 Aniversari de la proclamaci\u00f3 de la II Rep\u00fablica<\/p>\n","protected":false},"author":2,"featured_media":0,"parent":0,"menu_order":0,"comment_status":"closed","ping_status":"closed","template":"","meta":{"footnotes":""},"class_list":["post-7168","page","type-page","status-publish","hentry",""],"_links":{"self":[{"href":"https:\/\/memoriadelesilles.org\/wordpress\/wp-json\/wp\/v2\/pages\/7168","targetHints":{"allow":["GET"]}}],"collection":[{"href":"https:\/\/memoriadelesilles.org\/wordpress\/wp-json\/wp\/v2\/pages"}],"about":[{"href":"https:\/\/memoriadelesilles.org\/wordpress\/wp-json\/wp\/v2\/types\/page"}],"author":[{"embeddable":true,"href":"https:\/\/memoriadelesilles.org\/wordpress\/wp-json\/wp\/v2\/users\/2"}],"replies":[{"embeddable":true,"href":"https:\/\/memoriadelesilles.org\/wordpress\/wp-json\/wp\/v2\/comments?post=7168"}],"version-history":[{"count":0,"href":"https:\/\/memoriadelesilles.org\/wordpress\/wp-json\/wp\/v2\/pages\/7168\/revisions"}],"wp:attachment":[{"href":"https:\/\/memoriadelesilles.org\/wordpress\/wp-json\/wp\/v2\/media?parent=7168"}],"curies":[{"name":"wp","href":"https:\/\/api.w.org\/{rel}","templated":true}]}}

<p class="has-text-align-center has-black-color has-vivid-purple-background-color has-text-color has-background has-large-font-size"><strong>Actes en commemoració del 92è Aniversari de la proclamació de la II República</strong></p>


<div class="wp-block-image">
<figure class="aligncenter size-full"><img loading="lazy" decoding="async" width="720" height="1018" src="http://memoriadelesilles.org/wordpress/wp-content/uploads/2023/04/Imatge-de-WhatsApp-2023-04-06-a-les-15.05.37.jpg" alt="" class="wp-image-7163" srcset="https://memoriadelesilles.org/wordpress/wp-content/uploads/2023/04/Imatge-de-WhatsApp-2023-04-06-a-les-15.05.37.jpg 720w, https://memoriadelesilles.org/wordpress/wp-content/uploads/2023/04/Imatge-de-WhatsApp-2023-04-06-a-les-15.05.37-212x300.jpg 212w, https://memoriadelesilles.org/wordpress/wp-content/uploads/2023/04/Imatge-de-WhatsApp-2023-04-06-a-les-15.05.37-560x792.jpg 560w" sizes="auto, (max-width: 720px) 100vw, 720px" /></figure>
</div>

<div class="wp-block-image">
<figure class="aligncenter size-large"><img loading="lazy" decoding="async" width="580" height="1024" src="http://memoriadelesilles.org/wordpress/wp-content/uploads/2023/04/Imatge-de-WhatsApp-2023-04-06-a-les-15.16.04-580x1024.jpg" alt="" class="wp-image-7159" srcset="https://memoriadelesilles.org/wordpress/wp-content/uploads/2023/04/Imatge-de-WhatsApp-2023-04-06-a-les-15.16.04-580x1024.jpg 580w, https://memoriadelesilles.org/wordpress/wp-content/uploads/2023/04/Imatge-de-WhatsApp-2023-04-06-a-les-15.16.04-170x300.jpg 170w, https://memoriadelesilles.org/wordpress/wp-content/uploads/2023/04/Imatge-de-WhatsApp-2023-04-06-a-les-15.16.04-680x1200.jpg 680w, https://memoriadelesilles.org/wordpress/wp-content/uploads/2023/04/Imatge-de-WhatsApp-2023-04-06-a-les-15.16.04-560x989.jpg 560w, https://memoriadelesilles.org/wordpress/wp-content/uploads/2023/04/Imatge-de-WhatsApp-2023-04-06-a-les-15.16.04.jpg 720w" sizes="auto, (max-width: 580px) 100vw, 580px" /></figure>
</div>

<p>Actes en commemoració del 92è Aniversari de la proclamació de la II República</p>
