{"id":3807,"date":"2012-12-03T08:42:03","date_gmt":"2012-12-03T08:42:03","guid":{"rendered":"http:\/\/www.memoriadelesilles.org\/wordpress\/?page_id=3807"},"modified":"2024-04-01T08:14:14","modified_gmt":"2024-04-01T08:14:14","slug":"enllacos","status":"publish","type":"page","link":"https:\/\/memoriadelesilles.org\/wordpress\/enllacos\/","title":{"rendered":"Enlla\u00e7os"},"content":{"rendered":"\n<p><\/p>\n\n\n\n<div class=\"wp-block-media-text alignwide is-stacked-on-mobile\"><figure class=\"wp-block-media-text__media\"><a href=\"https:\/\/ib3.org\/documentals?pl=1&amp;cont=0040e225-0cfd-47e2-bee3-a4cbf58ed63d\" target=\"_blank\" rel=\"noopener\"><img loading=\"lazy\" decoding=\"async\" width=\"1231\" height=\"567\" src=\"https:\/\/memoriadelesilles.org\/wordpress\/wp-content\/uploads\/2022\/05\/totes_les_causes.png\" alt=\"\" class=\"wp-image-6916 size-full\"\/><\/a><\/figure><div class=\"wp-block-media-text__content\">\n<p>,<\/p>\n\n\n\n<p><a rel=\"noreferrer noopener\" href=\"https:\/\/ib3.org\/documentals?pl=1&amp;cont=0040e225-0cfd-47e2-bee3-a4cbf58ed63d\" target=\"_blank\">Ja s&#8217;est\u00e0 disponible en la web A la carta d&#8217;@IB3 &#8220;L&#8217;assassinat d&#8217;una dona desconeguda&#8221;.<\/a><\/p>\n<\/div><\/div>\n\n\n\n<div class=\"wp-block-media-text alignwide is-stacked-on-mobile\" style=\"grid-template-columns:15% auto\"><figure class=\"wp-block-media-text__media\"><img loading=\"lazy\" decoding=\"async\" width=\"195\" height=\"203\" src=\"http:\/\/memoriadelesilles.org\/wordpress\/wp-content\/uploads\/2022\/03\/logo-Govern.png\" alt=\"\" class=\"wp-image-6681 size-full\"\/><\/figure><div class=\"wp-block-media-text__content\">\n<p class=\"has-medium-font-size\"><a rel=\"noreferrer noopener\" href=\"http:\/\/www.caib.es\/govern\/organigrama\/area.do?lang=ca&amp;coduo=3828701\" target=\"_blank\">DIRECCI\u00d3 GENERAL DE MEM\u00d2RIA DEMOCR\u00c0TICA<\/a><\/p>\n<\/div><\/div>\n\n\n\n<div class=\"wp-block-media-text alignwide is-stacked-on-mobile\" style=\"grid-template-columns:15% auto\"><figure class=\"wp-block-media-text__media\"><img loading=\"lazy\" decoding=\"async\" width=\"195\" height=\"203\" src=\"http:\/\/memoriadelesilles.org\/wordpress\/wp-content\/uploads\/2022\/03\/logo-Govern.png\" alt=\"\" class=\"wp-image-6681 size-full\"\/><\/figure><div class=\"wp-block-media-text__content\">\n<p class=\"has-medium-font-size\"><a rel=\"noreferrer noopener\" href=\"https:\/\/www.caib.es\/sites\/memoria\/ca\/presentacio\/?campa=yes\" target=\"_blank\">MEM\u00d2RIA DEMOCR\u00c0TICA DE LES ILLES BALEARS<\/a><\/p>\n<\/div><\/div>\n\n\n\n<p><\/p>\n","protected":false},"excerpt":{"rendered":"<p>, Ja s&#8217;est\u00e0 disponible en la web A la carta d&#8217;@IB3 &#8220;L&#8217;assassinat d&#8217;una dona desconeguda&#8221;. DIRECCI\u00d3 GENERAL DE MEM\u00d2RIA DEMOCR\u00c0TICA &hellip; <a class=\"more-link\" href=\"https:\/\/memoriadelesilles.org\/wordpress\/enllacos\/\">M\u00e9s<\/a><\/p>\n","protected":false},"author":1,"featured_media":6681,"parent":0,"menu_order":0,"comment_status":"closed","ping_status":"closed","template":"","meta":{"footnotes":""},"class_list":["post-3807","page","type-page","status-publish","has-post-thumbnail","hentry",""],"_links":{"self":[{"href":"https:\/\/memoriadelesilles.org\/wordpress\/wp-json\/wp\/v2\/pages\/3807","targetHints":{"allow":["GET"]}}],"collection":[{"href":"https:\/\/memoriadelesilles.org\/wordpress\/wp-json\/wp\/v2\/pages"}],"about":[{"href":"https:\/\/memoriadelesilles.org\/wordpress\/wp-json\/wp\/v2\/types\/page"}],"author":[{"embeddable":true,"href":"https:\/\/memoriadelesilles.org\/wordpress\/wp-json\/wp\/v2\/users\/1"}],"replies":[{"embeddable":true,"href":"https:\/\/memoriadelesilles.org\/wordpress\/wp-json\/wp\/v2\/comments?post=3807"}],"version-history":[{"count":1,"href":"https:\/\/memoriadelesilles.org\/wordpress\/wp-json\/wp\/v2\/pages\/3807\/revisions"}],"predecessor-version":[{"id":7448,"href":"https:\/\/memoriadelesilles.org\/wordpress\/wp-json\/wp\/v2\/pages\/3807\/revisions\/7448"}],"wp:featuredmedia":[{"embeddable":true,"href":"https:\/\/memoriadelesilles.org\/wordpress\/wp-json\/wp\/v2\/media\/6681"}],"wp:attachment":[{"href":"https:\/\/memoriadelesilles.org\/wordpress\/wp-json\/wp\/v2\/media?parent=3807"}],"curies":[{"name":"wp","href":"https:\/\/api.w.org\/{rel}","templated":true}]}}

Enllaços

<p></p>



<div class="wp-block-media-text alignwide is-stacked-on-mobile"><figure class="wp-block-media-text__media"><a href="https://ib3.org/documentals?pl=1&amp;cont=0040e225-0cfd-47e2-bee3-a4cbf58ed63d" target="_blank" rel="noopener"><img loading="lazy" decoding="async" width="1231" height="567" src="https://memoriadelesilles.org/wordpress/wp-content/uploads/2022/05/totes_les_causes.png" alt="" class="wp-image-6916 size-full"/></a></figure><div class="wp-block-media-text__content">
<p>,</p>



<p><a rel="noreferrer noopener" href="https://ib3.org/documentals?pl=1&amp;cont=0040e225-0cfd-47e2-bee3-a4cbf58ed63d" target="_blank">Ja s&#8217;està disponible en la web A la carta d&#8217;@IB3 &#8220;L&#8217;assassinat d&#8217;una dona desconeguda&#8221;.</a></p>
</div></div>



<div class="wp-block-media-text alignwide is-stacked-on-mobile" style="grid-template-columns:15% auto"><figure class="wp-block-media-text__media"><img loading="lazy" decoding="async" width="195" height="203" src="http://memoriadelesilles.org/wordpress/wp-content/uploads/2022/03/logo-Govern.png" alt="" class="wp-image-6681 size-full"/></figure><div class="wp-block-media-text__content">
<p class="has-medium-font-size"><a rel="noreferrer noopener" href="http://www.caib.es/govern/organigrama/area.do?lang=ca&amp;coduo=3828701" target="_blank">DIRECCIÓ GENERAL DE MEMÒRIA DEMOCRÀTICA</a></p>
</div></div>



<div class="wp-block-media-text alignwide is-stacked-on-mobile" style="grid-template-columns:15% auto"><figure class="wp-block-media-text__media"><img loading="lazy" decoding="async" width="195" height="203" src="http://memoriadelesilles.org/wordpress/wp-content/uploads/2022/03/logo-Govern.png" alt="" class="wp-image-6681 size-full"/></figure><div class="wp-block-media-text__content">
<p class="has-medium-font-size"><a rel="noreferrer noopener" href="https://www.caib.es/sites/memoria/ca/presentacio/?campa=yes" target="_blank">MEMÒRIA DEMOCRÀTICA DE LES ILLES BALEARS</a></p>
</div></div>



<p></p>

<p>, Ja s&#8217;està disponible en la web A la carta d&#8217;@IB3 &#8220;L&#8217;assassinat d&#8217;una dona desconeguda&#8221;. DIRECCIÓ GENERAL DE MEMÒRIA DEMOCRÀTICA &hellip; <a class="more-link" href="https://memoriadelesilles.org/wordpress/enllacos/">Més</a></p>
