{"id":1343,"date":"2012-02-18T12:58:07","date_gmt":"2012-02-18T10:58:07","guid":{"rendered":"http:\/\/www.memoriadelesilles.org\/?page_id=1343"},"modified":"2012-02-18T12:58:07","modified_gmt":"2012-02-18T10:58:07","slug":"condicions-dus-i-politica-de-privacitat","status":"publish","type":"page","link":"https:\/\/memoriadelesilles.org\/wordpress\/condicions-dus-i-politica-de-privacitat\/","title":{"rendered":"Condicions d&#8217;\u00fas"},"content":{"rendered":"<p><strong><span style=\"color: #000000;\">Les dades d&#8217;identificaci\u00f3 de l&#8217;entitat gestora de la web <a href=\"http:\/\/www.memoriadelesilles.org\/\"><span style=\"color: #000000;\">www.memoriadelesilles.org s<\/span><\/a>\u00f3n les seg\u00fcents:<\/span> <\/strong><\/p>\n<p>Associaci\u00f3 Mem\u00f2ria de Mallorca<br \/>\nPla\u00e7a Hospital, 4<br \/>\n07012 &#8211; Palma de Mallorca<br \/>\nIlles Balears &#8211; Espanya<br \/>\nemail: <a href=\"mailto:tempsdelamemoria@gmail.com\">tempsdelamemoria@gmail.com<\/a><\/p>\n<p>L&#8217;usuari que accedeix o usa la web www.memoriadelesilles.org accepta les Condicions d&#8217;\u00das aqu\u00ed reflectides. En cas de no acceptar les presents Condicions d&#8217;\u00das, l&#8217;usuari haur\u00e0 d&#8217;abstenir-se d&#8217;accedir i\/o utilitzar la web, havent d&#8217;abandonar-la immediatament.<\/p>\n<p>L&#8217;Associaci\u00f3 Mem\u00f2ria de Mallorca es reserva la facultat d\u2019efectuar, en qualsevol moment, modificacions en la informaci\u00f3 continguda en aquesta web, aix\u00ed com suspendre\u2019n l\u2019acc\u00e9s en qualsevol moment i sense av\u00eds previ.<\/p>\n<p>L&#8217;Associaci\u00f3 Mem\u00f2ria de Mallorca no assumeix cap responsabilitat derivada dels continguts que tinguin terceres parts en els enlla\u00e7os o vincles als quals es fa refer\u00e8ncia en aquestes p\u00e0gines.<\/p>\n<p>L&#8217;Assocaci\u00f3 Mem\u00f2ria de Mallorca no es responsabilitza de qualsevol dany o perjudici en el software o hardware de l\u2019usuari derivat de l\u2019acc\u00e9s a la seva publicaci\u00f3 digital o de l\u2019\u00fas de la informaci\u00f3 o aplicacions que contingui.<\/p>\n<p>L&#8217;Associaci\u00f3 Mem\u00f2ria de Mallorca respectar\u00e0 la confidencialitat de les dades de car\u00e0cter personal aportades i que es conserven en un fitxer de la nostra propietat mitjan\u00e7ant el compliment de la normativa vigent sobre protecci\u00f3 de dades, i entre altres, d\u2019all\u00f2 que disposa la Llei Org\u00e0nica 15\/1999, de 13 de desembre, de Protecci\u00f3 de Dades de Car\u00e0cter Personal. Podran exercitar-se els drets d&#8217;acc\u00e9s, rectificaci\u00f3, cancel\u00b7laci\u00f3 o oposici\u00f3 que la Llei reconeix comunicant-lo a l&#8217;Associaci\u00f3 Mem\u00f2ria de Mallorca per qualsevol de les vies de contacte que figuren en la web.<\/p>\n","protected":false},"excerpt":{"rendered":"<p>Les dades d&#8217;identificaci\u00f3 de l&#8217;entitat gestora de la web www.memoriadelesilles.org s\u00f3n les seg\u00fcents: Associaci\u00f3 Mem\u00f2ria de Mallorca Pla\u00e7a Hospital, 4 &hellip; <a class=\"more-link\" href=\"https:\/\/memoriadelesilles.org\/wordpress\/condicions-dus-i-politica-de-privacitat\/\">M\u00e9s<\/a><\/p>\n","protected":false},"author":1,"featured_media":0,"parent":0,"menu_order":0,"comment_status":"closed","ping_status":"closed","template":"","meta":{"footnotes":""},"class_list":["post-1343","page","type-page","status-publish","hentry",""],"_links":{"self":[{"href":"https:\/\/memoriadelesilles.org\/wordpress\/wp-json\/wp\/v2\/pages\/1343","targetHints":{"allow":["GET"]}}],"collection":[{"href":"https:\/\/memoriadelesilles.org\/wordpress\/wp-json\/wp\/v2\/pages"}],"about":[{"href":"https:\/\/memoriadelesilles.org\/wordpress\/wp-json\/wp\/v2\/types\/page"}],"author":[{"embeddable":true,"href":"https:\/\/memoriadelesilles.org\/wordpress\/wp-json\/wp\/v2\/users\/1"}],"replies":[{"embeddable":true,"href":"https:\/\/memoriadelesilles.org\/wordpress\/wp-json\/wp\/v2\/comments?post=1343"}],"version-history":[{"count":0,"href":"https:\/\/memoriadelesilles.org\/wordpress\/wp-json\/wp\/v2\/pages\/1343\/revisions"}],"wp:attachment":[{"href":"https:\/\/memoriadelesilles.org\/wordpress\/wp-json\/wp\/v2\/media?parent=1343"}],"curies":[{"name":"wp","href":"https:\/\/api.w.org\/{rel}","templated":true}]}}